{"id":620,"date":"2018-11-23T08:24:33","date_gmt":"2018-11-23T08:24:33","guid":{"rendered":"http:\/\/localhost\/industro\/?page_id=620"},"modified":"2020-01-29T18:42:33","modified_gmt":"2020-01-29T18:42:33","slug":"home-2-2","status":"publish","type":"page","link":"https:\/\/prazision.mx\/","title":{"rendered":"HOME"},"content":{"rendered":"<p>[vc_row full_width=&#8221;stretch_row_content_no_spaces&#8221; fullwidth=&#8221;true&#8221;][vc_column][rev_slider_vc alias=&#8221;kenburns_fullwidth&#8221;][\/vc_column][\/vc_row][vc_row full_height=&#8221;yes&#8221; content_placement=&#8221;top&#8221; css=&#8221;.vc_custom_1580157762633{padding-top: 70px !important;padding-bottom: 70px !important;}&#8221;][vc_column width=&#8221;1\/5&#8243; offset=&#8221;vc_col-md-1\/5 vc_col-xs-4&#8243;][\/vc_column][vc_column width=&#8221;1\/5&#8243;][vc_single_image image=&#8221;924&#8243; img_size=&#8221;full&#8221; alignment=&#8221;center&#8221; css=&#8221;.vc_custom_1580157403750{margin-bottom: 0px !important;padding-right: 22px !important;padding-left: 22px !important;}&#8221;][vc_empty_space height=&#8221;30px&#8221; el_class=&#8221;lg-hidden&#8221;][\/vc_column][vc_column width=&#8221;1\/5&#8243;][vc_single_image image=&#8221;927&#8243; img_size=&#8221;full&#8221; alignment=&#8221;center&#8221; css=&#8221;.vc_custom_1580157511177{margin-bottom: 0px !important;padding-right: 22px !important;padding-left: 22px !important;}&#8221;][vc_empty_space height=&#8221;30px&#8221; el_class=&#8221;lg-hidden&#8221;][\/vc_column][vc_column width=&#8221;1\/5&#8243;][vc_single_image image=&#8221;925&#8243; img_size=&#8221;full&#8221; alignment=&#8221;center&#8221; css=&#8221;.vc_custom_1580157530331{margin-bottom: 2px !important;padding-right: 22px !important;padding-left: 22px !important;}&#8221;][vc_empty_space height=&#8221;30px&#8221; el_class=&#8221;lg-hidden&#8221;][\/vc_column][vc_column width=&#8221;1\/5&#8243;][\/vc_column][\/vc_row][vc_row css=&#8221;.vc_custom_1542963436303{padding-bottom: 100px !important;background-image: url(http:\/\/localhost\/industro\/wp-content\/uploads\/2018\/11\/bg-map.png?id=629) !important;}&#8221;][vc_column][vc_empty_space height=&#8221;100px&#8221; css=&#8221;.vc_custom_1542963136329{border-top-width: 1px !important;border-top-color: #dadbdf !important;border-top-style: solid !important;}&#8221;][\/vc_column][vc_column width=&#8221;1\/2&#8243;][vc_column_text css=&#8221;.vc_custom_1580156030905{margin-bottom: 27px !important;}&#8221;]<b>\u00bfQUIENES SOMOS?<\/b><\/p>\n<h2>PRAZISION ALIAS<\/h2>\n<p>[\/vc_column_text][vc_column_text css=&#8221;.vc_custom_1580155967453{margin-bottom: 60px !important;}&#8221;]Somos una empresa dedicada a brindar una gran variedad de productos y servicios para la industria, caracterizados por nuestra gran calidad y dedicaci\u00f3n que ofrecemos a nuestros cliente, con un fin prioritario; su satisfacci\u00f3n. Contamos con mas de 15 a\u00f1os de experiencia consolid\u00e1ndonos como una empresa firme y comprometida y competente.[\/vc_column_text][\/vc_column][vc_column width=&#8221;1\/2&#8243;][vc_single_image image=&#8221;916&#8243; img_size=&#8221;full&#8221; alignment=&#8221;center&#8221; style=&#8221;vc_box_rounded&#8221; css=&#8221;.vc_custom_1580152349554{margin-bottom: 0px !important;}&#8221;][\/vc_column][vc_column][vc_empty_space height=&#8221;40px&#8221;][\/vc_column][vc_column width=&#8221;1\/3&#8243;]\n    <div class=\"icon-box  style-2\">\n                <img decoding=\"async\" src=\"https:\/\/prazision.mx\/wp-content\/uploads\/2018\/11\/team.png\" alt=\"icon\">        <div class=\"content-box\">\n            <h5>Dedicaci\u00f3n<\/h5>\n            <p>Nuestro principal objetivo es dedicarnos a nuestros clientes a trav\u00e9s de innovaci\u00f3n y trabajo en equipo<\/p>\n                    <\/div>\n    <\/div>\n\n    [vc_empty_space height=&#8221;25px&#8221;][\/vc_column][vc_column width=&#8221;1\/3&#8243;]\n    <div class=\"icon-box  style-2\">\n                <img decoding=\"async\" src=\"https:\/\/prazision.mx\/wp-content\/uploads\/2018\/11\/idea.png\" alt=\"icon\">        <div class=\"content-box\">\n            <h5>Calidad<\/h5>\n            <p>Nos regimos por los est\u00e1ndares mas altos de calidad<strong><br \/>\n<\/strong>La calidad siempre sera parte integral de nuestros proyectos.<\/p>\n<p>Certificaci\u00f3n iso 9001-20015 (Proceso)<\/p>\n                    <\/div>\n    <\/div>\n\n    [vc_empty_space height=&#8221;25px&#8221;][\/vc_column][vc_column width=&#8221;1\/3&#8243;]\n    <div class=\"icon-box  style-2\">\n                <img decoding=\"async\" src=\"https:\/\/prazision.mx\/wp-content\/uploads\/2018\/11\/handshake.png\" alt=\"icon\">        <div class=\"content-box\">\n            <h5>Compromiso<\/h5>\n            <p>Nuestra pasi\u00f3n y entusiasmo por lo que hacemos nos permiten comprometernos en cada proyecto. Hemos alcanzado est\u00e1ndares de rendimiento e innovaci\u00f3n que hemos establecido para nosotros mismos.<\/p>\n                    <\/div>\n    <\/div>\n\n    [vc_empty_space height=&#8221;25px&#8221;][\/vc_column][\/vc_row][vc_row css=&#8221;.vc_custom_1542964709535{padding-bottom: 100px !important;}&#8221;][vc_column][vc_column_text css=&#8221;.vc_custom_1580158128044{margin-bottom: 70px !important;}&#8221;]<\/p>\n<p class=\"subtitle\">SERVICIOS<\/p>\n<h2>Servicios para la industria<\/h2>\n<p>[\/vc_column_text][\/vc_column][vc_column width=&#8221;1\/3&#8243;]\n    <div class=\"service-box \">\n        <img decoding=\"async\" src=\"https:\/\/prazision.mx\/wp-content\/uploads\/2020\/01\/giphy.gif\" alt=\"service\">        <div class=\"content-box\">\n            <h5>Centros de maquinados<\/h5>\n            <p>Contamos con un departamento de ingenier\u00eda altamente capacitado para llevar acabo los proyectos mas complejos con la calidad \u00fanica que nos respalda.<\/p>\n                    <\/div>\n    <\/div>\n\n    [vc_empty_space height=&#8221;40px&#8221; el_class=&#8221;lg-hidden&#8221;][\/vc_column][vc_column width=&#8221;1\/3&#8243;]\n    <div class=\"service-box \">\n        <img decoding=\"async\" src=\"https:\/\/prazision.mx\/wp-content\/uploads\/2020\/01\/PHOTO-2020-01-27-12-57-13-2.jpg\" alt=\"service\">        <div class=\"content-box\">\n            <h5>Pailer\u00eda<\/h5>\n            <p>Departamento especializado en el \u00e1rea de pailer\u00eda en general, brind\u00e1ndole a nuestros clientes una amplia gama de productos para su fabricaci\u00f3n en base a sus requerimientos.<\/p>\n                    <\/div>\n    <\/div>\n\n    [vc_empty_space height=&#8221;40px&#8221; el_class=&#8221;lg-hidden md-hidden&#8221;][\/vc_column][vc_column width=&#8221;1\/3&#8243;]\n    <div class=\"service-box \">\n        <img decoding=\"async\" src=\"https:\/\/prazision.mx\/wp-content\/uploads\/2020\/01\/PHOTO-2020-01-27-12-57-13-2-1.jpg\" alt=\"service\">        <div class=\"content-box\">\n            <h5>Piezas especializadas<\/h5>\n            <p>Piezas especializadas de alta ingenier\u00eda bajo los mas rigurosos est\u00e1ndares de calidad, brind\u00e1ndole a nuestros clientes piezas de alta precisi\u00f3n.<\/p>\n            <a class=\"link-box\" href=\"http:\/\/prazision.mx\/index.php\/our-services\/material-engineering\/\" target=\"_self\">More details<\/a>        <\/div>\n    <\/div>\n\n    [vc_empty_space height=&#8221;40px&#8221; el_class=&#8221;lg-hidden&#8221;][\/vc_column][\/vc_row][vc_row css=&#8221;.vc_custom_1542964896462{padding-top: 100px !important;padding-bottom: 80px !important;background-color: #f7f7f7 !important;}&#8221;][vc_column][vc_column_text css=&#8221;.vc_custom_1580238661292{margin-bottom: 90px !important;}&#8221;]<\/p>\n<h2>NOSOTROS<\/h2>\n<p>[\/vc_column_text]\n    <div class=\"process \">\n                <div class=\"steps \">\n            <i class=\"p-icon flaticon-rocket-ship\"><\/i>\n            <div class=\"step-content\">\n                <h5>MISI\u00d3N<\/h5>\n                <p>Ofrecer a la industria metal mec\u00e1nica servicios y soluciones de calidad, buscando siempre un constante crecimiento, y as\u00ed garantizar la totalidad de nuestros servicios.<\/p>\n            <\/div>\n        <\/div>\n                <div class=\"steps \">\n            <i class=\"p-icon flaticon-jigsaw\"><\/i>\n            <div class=\"step-content\">\n                <h5>VISI\u00d3N<\/h5>\n                <p>Ser una empresa l\u00edder que oferte gran variedad de servicios para la industria metalmec\u00e1nica, siendo nuestros principales componentes la innovaci\u00f3n, las nuevas tecnolog\u00edas y la mejora continua en nuestros procesos. <\/p>\n            <\/div>\n        <\/div>\n                <div class=\"steps \">\n            <i class=\"p-icon flaticon-gears-1\"><\/i>\n            <div class=\"step-content\">\n                <h5>VALORES<\/h5>\n                <p> *Responsabilidad.\n*Compromiso.\n*Integridad.\n*Efectividad.\n*Lealtad.<\/p>\n            <\/div>\n        <\/div>\n            <\/div>\n\n    [\/vc_column][\/vc_row][vc_row css=&#8221;.vc_custom_1543221080791{padding-top: 100px !important;}&#8221;][vc_column][vc_column_text css=&#8221;.vc_custom_1580261608956{margin-bottom: 50px !important;}&#8221;]Equipamiento<\/p>\n<h2>MAQUINARIA<\/h2>\n<p>[\/vc_column_text]\n    <div class=\"project-filter \" data-column=\"3\">\n                <div id=\"projects\" class=\"project-grid projects row style-2\">\n                            <div class=\"project-item  col-md-8 col-sm-6 big-thumb\">\n                    <div class=\"inner\">\n                        <a href=\"https:\/\/prazision.mx\/index.php\/portfolio\/college-of-the-holy-cross\/\">\n                            <img decoding=\"async\" src=\"https:\/\/prazision.mx\/wp-content\/uploads\/2020\/01\/PHOTO-2020-01-28-09-54-13.jpg\" alt=\"\" \/>\n                        <\/a>\n                        <div class=\"p-info\">\n                            <h4>\n                                <a href=\"https:\/\/prazision.mx\/index.php\/portfolio\/college-of-the-holy-cross\/\"><\/a>\n                            <\/h4>\n                            <p><span>, <\/span><\/p>\n                            <a class=\"link-details\" href=\"https:\/\/prazision.mx\/index.php\/portfolio\/college-of-the-holy-cross\/\"><\/a>\n                        <\/div>\n                    <\/div>\n                <\/div>\n                            <div class=\"project-item  col-md-4 col-sm-6 small-thumb\">\n                    <div class=\"inner\">\n                        <a href=\"https:\/\/prazision.mx\/index.php\/portfolio\/gothia-mining-factory\/\">\n                            <img decoding=\"async\" src=\"https:\/\/prazision.mx\/wp-content\/uploads\/2020\/01\/PHOTO-2020-01-28-09-54-18.jpg\" alt=\"\" \/>\n                        <\/a>\n                        <div class=\"p-info\">\n                            <h4>\n                                <a href=\"https:\/\/prazision.mx\/index.php\/portfolio\/gothia-mining-factory\/\"><\/a>\n                            <\/h4>\n                            <p><span>, <\/span><\/p>\n                            <a class=\"link-details\" href=\"https:\/\/prazision.mx\/index.php\/portfolio\/gothia-mining-factory\/\"><\/a>\n                        <\/div>\n                    <\/div>\n                <\/div>\n                            <div class=\"project-item  col-md-4 col-sm-6 small-thumb\">\n                    <div class=\"inner\">\n                        <a href=\"https:\/\/prazision.mx\/index.php\/portfolio\/benchmark-technologies\/\">\n                            <img decoding=\"async\" src=\"https:\/\/prazision.mx\/wp-content\/uploads\/2020\/01\/PHOTO-2020-01-28-09-54-16-2.jpg\" alt=\"\" \/>\n                        <\/a>\n                        <div class=\"p-info\">\n                            <h4>\n                                <a href=\"https:\/\/prazision.mx\/index.php\/portfolio\/benchmark-technologies\/\"><\/a>\n                            <\/h4>\n                            <p><span>, <\/span><\/p>\n                            <a class=\"link-details\" href=\"https:\/\/prazision.mx\/index.php\/portfolio\/benchmark-technologies\/\"><\/a>\n                        <\/div>\n                    <\/div>\n                <\/div>\n                            <div class=\"project-item  col-md-4 col-sm-6 small-thumb\">\n                    <div class=\"inner\">\n                        <a href=\"https:\/\/prazision.mx\/index.php\/portfolio\/deploy-b2c-mindshare\/\">\n                            <img decoding=\"async\" src=\"https:\/\/prazision.mx\/wp-content\/uploads\/2020\/01\/PHOTO-2020-01-28-09-54-23-2.jpg\" alt=\"\" \/>\n                        <\/a>\n                        <div class=\"p-info\">\n                            <h4>\n                                <a href=\"https:\/\/prazision.mx\/index.php\/portfolio\/deploy-b2c-mindshare\/\"><\/a>\n                            <\/h4>\n                            <p><span>, <\/span><\/p>\n                            <a class=\"link-details\" href=\"https:\/\/prazision.mx\/index.php\/portfolio\/deploy-b2c-mindshare\/\"><\/a>\n                        <\/div>\n                    <\/div>\n                <\/div>\n                            <div class=\"project-item  col-md-4 col-sm-6 small-thumb\">\n                    <div class=\"inner\">\n                        <a href=\"https:\/\/prazision.mx\/index.php\/portfolio\/jalapeno-popper-dip\/\">\n                            <img decoding=\"async\" src=\"https:\/\/prazision.mx\/wp-content\/uploads\/2020\/01\/PHOTO-2020-01-28-09-54-17.jpg\" alt=\"\" \/>\n                        <\/a>\n                        <div class=\"p-info\">\n                            <h4>\n                                <a href=\"https:\/\/prazision.mx\/index.php\/portfolio\/jalapeno-popper-dip\/\"><\/a>\n                            <\/h4>\n                            <p><span>, <\/span><\/p>\n                            <a class=\"link-details\" href=\"https:\/\/prazision.mx\/index.php\/portfolio\/jalapeno-popper-dip\/\"><\/a>\n                        <\/div>\n                    <\/div>\n                <\/div>\n                            <div class=\"project-item  col-md-4 col-sm-6 small-thumb\">\n                    <div class=\"inner\">\n                        <a href=\"https:\/\/prazision.mx\/index.php\/portfolio\/monetize-b2b-portals\/\">\n                            <img decoding=\"async\" src=\"https:\/\/prazision.mx\/wp-content\/uploads\/2020\/01\/PHOTO-2020-01-28-09-54-15-2.jpg\" alt=\"\" \/>\n                        <\/a>\n                        <div class=\"p-info\">\n                            <h4>\n                                <a href=\"https:\/\/prazision.mx\/index.php\/portfolio\/monetize-b2b-portals\/\"><\/a>\n                            <\/h4>\n                            <p><span>, <\/span><\/p>\n                            <a class=\"link-details\" href=\"https:\/\/prazision.mx\/index.php\/portfolio\/monetize-b2b-portals\/\"><\/a>\n                        <\/div>\n                    <\/div>\n                <\/div>\n                    <\/div>\n    <\/div>\n\n    [\/vc_column][\/vc_row][vc_row equal_height=&#8221;yes&#8221; content_placement=&#8221;middle&#8221; css=&#8221;.vc_custom_1544068085130{padding-top: 100px !important;padding-bottom: 100px !important;background-image: url(http:\/\/wpdemo2.oceanthemes.net\/industro\/wp-content\/uploads\/sites\/3\/2018\/11\/bg-home-dark.png?id=544) !important;background-position: center !important;background-repeat: no-repeat !important;background-size: cover !important;}&#8221;][vc_column offset=&#8221;vc_col-md-6&#8243;][vc_custom_heading text=&#8221;Soluciones para la industria&#8221; font_container=&#8221;tag:h2|text_align:left|color:%23ffffff&#8221; use_theme_fonts=&#8221;yes&#8221; css=&#8221;.vc_custom_1580242887935{margin-bottom: 0px !important;}&#8221;][\/vc_column][vc_column offset=&#8221;vc_col-md-6&#8243;][vc_row_inner][vc_column_inner width=&#8221;1\/3&#8243; offset=&#8221;vc_col-xs-4&#8243;]\n    <div class=\"fun-facts \">\n        <div class=\"number-fact\">\n            <span class=\"number\" data-to=\"25\" data-inviewport=\"yes\">0<\/span>\n        <\/div>\n        <div class=\"title-fact\">\n            A\u00f1os            <span class=\"text-primary\">Experiencia<\/span>\n        <\/div>\n    <\/div>\n\n    [\/vc_column_inner][vc_column_inner width=&#8221;1\/3&#8243; offset=&#8221;vc_col-xs-4&#8243;]\n    <div class=\"fun-facts \">\n        <div class=\"number-fact\">\n            <span class=\"number\" data-to=\"1523\" data-inviewport=\"yes\">0<\/span>\n        <\/div>\n        <div class=\"title-fact\">\n            Proyectos            <span class=\"text-primary\">Satisfechos<\/span>\n        <\/div>\n    <\/div>\n\n    [\/vc_column_inner][vc_column_inner width=&#8221;1\/3&#8243; offset=&#8221;vc_col-xs-4&#8243;]\n    <div class=\"fun-facts \">\n        <div class=\"number-fact\">\n            <span class=\"number\" data-to=\"35\" data-inviewport=\"yes\">0<\/span>\n        <\/div>\n        <div class=\"title-fact\">\n            Equipo de trabajo            <span class=\"text-primary\">Empleados<\/span>\n        <\/div>\n    <\/div>\n\n    [\/vc_column_inner][\/vc_row_inner][vc_empty_space height=&#8221;60px&#8221; el_class=&#8221;lg-hidden&#8221;][\/vc_column][\/vc_row]<\/p>\n","protected":false},"excerpt":{"rendered":"<p>[vc_row full_width=&#8221;stretch_row_content_no_spaces&#8221; fullwidth=&#8221;true&#8221;][vc_column][rev_slider_vc alias=&#8221;kenburns_fullwidth&#8221;][\/vc_column][\/vc_row][vc_row full_height=&#8221;yes&#8221; content_placement=&#8221;top&#8221; css=&#8221;.vc_custom_1580157762633{padding-top: 70px !important;padding-bottom: 70px !important;}&#8221;][vc_column width=&#8221;1\/5&#8243; offset=&#8221;vc_col-md-1\/5 vc_col-xs-4&#8243;][\/vc_column][vc_column width=&#8221;1\/5&#8243;][vc_single_image image=&#8221;924&#8243; img_size=&#8221;full&#8221; alignment=&#8221;center&#8221; css=&#8221;.vc_custom_1580157403750{margin-bottom: 0px !important;padding-right: 22px !important;padding-left: 22px !important;}&#8221;][vc_empty_space height=&#8221;30px&#8221; el_class=&#8221;lg-hidden&#8221;][\/vc_column][vc_column width=&#8221;1\/5&#8243;][vc_single_image image=&#8221;927&#8243; img_size=&#8221;full&#8221; alignment=&#8221;center&#8221; css=&#8221;.vc_custom_1580157511177{margin-bottom: 0px !important;padding-right: 22px !important;padding-left: 22px !important;}&#8221;][vc_empty_space height=&#8221;30px&#8221; el_class=&#8221;lg-hidden&#8221;][\/vc_column][vc_column width=&#8221;1\/5&#8243;][vc_single_image image=&#8221;925&#8243; img_size=&#8221;full&#8221; alignment=&#8221;center&#8221; css=&#8221;.vc_custom_1580157530331{margin-bottom: 2px !important;padding-right: 22px !important;padding-left: 22px !important;}&#8221;][vc_empty_space height=&#8221;30px&#8221; el_class=&#8221;lg-hidden&#8221;][\/vc_column][vc_column width=&#8221;1\/5&#8243;][\/vc_column][\/vc_row][vc_row css=&#8221;.vc_custom_1542963436303{padding-bottom: [&hellip;]<\/p>\n","protected":false},"author":1,"featured_media":0,"parent":0,"menu_order":0,"comment_status":"closed","ping_status":"closed","template":"","meta":{"footnotes":""},"class_list":["post-620","page","type-page","status-publish","hentry"],"_links":{"self":[{"href":"https:\/\/prazision.mx\/index.php\/wp-json\/wp\/v2\/pages\/620","targetHints":{"allow":["GET"]}}],"collection":[{"href":"https:\/\/prazision.mx\/index.php\/wp-json\/wp\/v2\/pages"}],"about":[{"href":"https:\/\/prazision.mx\/index.php\/wp-json\/wp\/v2\/types\/page"}],"author":[{"embeddable":true,"href":"https:\/\/prazision.mx\/index.php\/wp-json\/wp\/v2\/users\/1"}],"replies":[{"embeddable":true,"href":"https:\/\/prazision.mx\/index.php\/wp-json\/wp\/v2\/comments?post=620"}],"version-history":[{"count":39,"href":"https:\/\/prazision.mx\/index.php\/wp-json\/wp\/v2\/pages\/620\/revisions"}],"predecessor-version":[{"id":1094,"href":"https:\/\/prazision.mx\/index.php\/wp-json\/wp\/v2\/pages\/620\/revisions\/1094"}],"wp:attachment":[{"href":"https:\/\/prazision.mx\/index.php\/wp-json\/wp\/v2\/media?parent=620"}],"curies":[{"name":"wp","href":"https:\/\/api.w.org\/{rel}","templated":true}]}}